the third derivative of m(q). Determine v(0).
-15
Let f(s) = 11 - s - 19 + 5 + 6*s. Calculate f(-3).
-18
Let g(p) = p**2 - p + 2. Let k be g(0). Let c(r) = 4*r**2 - 3*r**2 - 1 + 2*r**2 - k*r**2 - 2*r. Calculate c(3).
2
Let x(l) = l**2 + 6*l - 8. Let c be x(-7). Suppose -4*p = -10 - 2. Let h = c + p. Let s(r) = -r**3 + 3*r - 1. Calculate s(h).
-3
Let i(s) = s**2 + 3*s. Let g be i(0). Let x(f) = f + 3. Determine x(g).
3
Let w(p) = p**3 - 3*p**2 - 2*p + 3. Let c be w(4). Let l = c - 11. Let h(n) be the first derivative of n**4/4 - n**3/3 - n**2/2 - 6*n + 1. Give h(l).
-6
Let b be (2 + (1 - 3))/1. Let t be 2 + -3 - b - 2. Let f(d) = -4*d - 4. Let h(q) = -9*q - 9. Let c(o) = 5*f(o) - 2*h(o). What is c(t)?
4
Let r(u) = u**2 + 5*u - 6. Let p be (-24)/28 + 116/(-28). Determine r(p).
-6
Suppose 0 = -5*v + 5, -r + v - 10 = 2*r. Let g(z) = 4*z - 1 + 0 - 5*z. Calculate g(r).
2
Let i(h) = 2*h - 6 + 0*h - 3*h. Suppose 5*n - 4*n - 6 = -p, 3*n + 22 = 2*p. Suppose 17 + 17 = -5*j - 4*l, -p = 2*j - 4*l. What is i(j)?
0
Suppose 2*z - 3*s = -4*s + 20, 2*s + 32 = 4*z. Let u = z - 11. Let i(y) = 3*y - 1. Give i(u).
-7
Let r be (27/6)/((-6)/(-28)). Let z = r - 19. Let p(v) = 6*v**2 + 4. Let j(t) = -t**2 - 1. Let c(n) = -5*j(n) - p(n). Give c(z).
-3
Let q(n) be the second derivative of -n**5/20 + 7*n**4/12 - n**2 + 38*n. Give q(7).
-2
Let o(b) = -3*b - 3. Suppose j - 1 = 2. Suppose -2*n + 5*n - 14 = d, 3*d - 36 = -4*n. Suppose 3*p = j*a - n, a + 2 = -2*p - 8. Determine o(a).
3
Let s(h) = -h**2 - 3*h + 2 + 0*h**2 + 2*h**2. Let y be s(2). Let u(b) = -b**2 + b - 7. Let q(m) = -3*m**2 + 3*m - 22. Let n(t) = -2*q(t) + 7*u(t). What is n(y)?
-5
Let v(a) be the second derivative of a**3/3 - 3*a**2/2 + 10*a. Calculate v(4).
5
Suppose 0 = 7*x - 2*x - 10. Let m(v) = 5*v - 2. Determine m(x).
8
Let j(h) = -5*h**2 - 2*h + 1. Suppose 8 = -2*b + t, t = -b - 3 + 5. What is j(b)?
-15
Let d(b) be the first derivative of 5*b**4/24 + 7*b**2/2 + 1. Let m(g) be the second derivative of d(g). What is m(1)?
5
Let t(q) be the first derivative of -q**3/2 + q**2/2 + q + 1. Let v(c) be the first derivative of t(c). What is v(-2)?
7
Let b(n) = 8 + n**2 - 9*n - 10 - 2*n - 15. Let a be b(12). Let u(k) = k**2 + 3*k - 5. Calculate u(a).
5
Let d(o) = o + 15. Suppose -5*h - 2*k - 2*k - 47 = 0, -4*h - 48 = -2*k. Calculate d(h).
4
Let s = -11 + 6. Let p be 1/(-2)*(2 + -4). Let k(h) = p - 3*h - h**3 - h - 6*h**2 - h + 0. Calculate k(s).
1
Let i(n) = 4*n**2 - 2*n + 5. Let o(y) = -4*y**2 + 2*y - 4. Let q(r) = 5*i(r) + 6*o(r). Determine q(-1).
-5
Suppose -4*n = 5*o - 20, -3*o + 11 = 4*n - 9. Let i be 2/1*-2*-1. Suppose -3*l - f - 6 = -i*l, -4*l - n*f - 21 = 0. Let b(t) = -5*t**3. Determine b(l).
-5
Suppose 3*y + y = 12. Let n(r) = -12*r + 13*r - 5 + 4 - 2 - r**2. Calculate n(y).
-9
Let u = 0 + 0. Suppose -2*c - c = u. Let n(d) = d**2 + d + 1. Determine n(c).
1
Let g(y) = -7*y**3 + 2*y**2 - 2*y + 1. Let t(b) = -4*b - 4. Let u be t(-5). Suppose 0 = 5*z - z - u. Suppose -4*n + 0 = -z. What is g(n)?
-6
Let t(x) be the first derivative of x**4/4 + 3*x**3 + 3*x + 1. Let q be t(-9). Suppose 0 = -4*r - v - 17, -3*r - 14 = -v - q. Let u(g) = -g - 2. Give u(r).
2
Let g(b) = b**3 - 6*b**2 + 7*b - 7. Let y = 1 - -4. Give g(y).
3
Let c be 2/4 + 42/4. Let u(q) = -3*q - 14 + 6*q - 3*q**2 + c. What is u(2)?
-9
Let z(n) = 6 - 2*n - n - n + 2*n. Give z(6).
-6
Let f be -3*(0 + 30/9). Let s = f + 5. Let i(q) = -q + 5. Calculate i(s).
10
Let t(f) = 0 - 3 - f - 1. Let u be t(-3). Let y(q) be the first derivative of q**4/4 + q**3/3 + q**2 + q + 67. Calculate y(u).
-1
Let v = 23 - 23. Let h be (-1)/(2/3 + -1). Let n(j) = -h*j**2 - j**2 + 5*j**2. What is n(v)?
0
Let i(f) = -f**3 + 7*f**2 - 5*f - 6. Let v(d) = -d**3 - 8*d**2 + 8*d - 3. Suppose -4*x = -x + 27. Let u be v(x). Calculate i(u).
0
Let p(d) be the first derivative of 2 - 5*d - 3/2*d**2 - 1/4*d**4 - 4/3*d**3. Let o = 10 + -14. Determine p(o).
7
Let t(v) = 9*v**2 - 5*v + 9. Let n(z) = 5*z**2 - 3*z + 5. Let a(w) = 7*n(w) - 4*t(w). Determine a(0).
-1
Let c(n) = 2*n - 3. Let b be c(3). Let u(o) = 0*o**3 + 2*o**b + 1 - 3*o**3 + o. Suppose 4*k - 2*v = 2*k - 12, 5*k = -2*v - 2. Determine u(k).
7
Let r(c) = -c - 4. Let z be r(-6). Let i(w) be the second derivative of w**4/12 + w**2/2 - w. Determine i(z).
5
Let v(g) = g**3 - 3*g**2 + 2*g - 4. Let d be (9 + -8)/(1/9). Let x be 1/((-12)/d)*-4. What is v(x)?
2
Let k be (-6)/(-8) + 81/36. Suppose -t - 20 = -3*t + k*g, -2*g - 16 = -2*t. Let z(y) = y**3 - 4*y**2 - 2*y + 2. What is z(t)?
-6
Let d(s) be the second derivative of -s**6/720 + s**5/120 - s**4/4 - s. Let a(z) be the third derivative of d(z). What is a(0)?
1
Suppose 0 = 6*p - 7*p. Let n(v) = -v**2. Calculate n(p).
0
Let b(f) = f - 1. Let k be b(-1). Let t(v) be the second derivative of 2*v**3/3 + 3*v**2/2 - 12*v. Give t(k).
-5
Let i(d) = -8*d**3 - 6*d + 11. Let x(v) = 7*v**3 + v**2 + 6*v - 10. Let u(j) = 6*i(j) + 7*x(j). Give u(-6).
-4
Let i = 189 - 192. Let j(n) = -n + 2*n + 2*n**2 + 4 + 4*n. Determine j(i).
7
Let z(s) = s**2 - 9*s + 4. Let g be z(9). Suppose -2*o - g*r = -10, -r = 2*r. Let i(a) be the second derivative of -a**4/12 + 5*a**3/6 + a**2/2 + a. Give i(o).
1
Let n(y) = -2*y - 8*y**2 - 4*y + 6*y - y. Calculate n(1).
-9
Let c(p) = p**2 + 2*p + 1. Let g(o) = o**3 - 4*o**2 - 5*o - 2. Let i be g(5). Determine c(i).
1
Suppose a + 2*a + 3 = 0. Let i(r) be the third derivative of 4*r**2 + 1/12*r**4 + 0*r**3 + 0 + 0*r. Determine i(a).
-2
Let k(i) = 20*i**2. Suppose -4*m = 3*m + 7. Calculate k(m).
20
Let h(g) be the first derivative of 0*g + 1 - 5/4*g**4 + 0*g**2 - 1/3*g**3. What is h(-1)?
4
Let m(u) = u**2 - u - 4. Let y(k) = k + 2. Let s be y(-2). Determine m(s).
-4
Let n(w) = -3 + 3*w**2 + w**3 - 6*w**2 - w + 1 + 4*w**2. Give n(0).
-2
Let g(n) = -n**3 - 9*n**2 - 8*n - 3. Let s be g(-8). Let i be -1 - -1 - 6/s. Let k(z) = -2 + 8 - 3 - 4 - 4*z. Determine k(i).
-9
Let f(s) = 6 + 0 + 2 - 2*s. Suppose 0 = -v + 4*v - 18. Suppose -24 = 2*k - v*k. Determine f(k).
-4
Let a(p) = 4*p**3 + 11*p**2 + 10*p + 8. Let h(v) = 3*v**3 + 10*v**2 + 9*v + 8. Let k(x) = 2*a(x) - 3*h(x). Determine k(-7).
-8
Let m(p) be the first derivative of 3 + 1/2*p**2 + 0*p. Determine m(-4).
-4
Let x(r) be the second derivative of r**4/12 + 4*r**3/3 + 5*r**2/2 + 8*r. Give x(-6).
-7
Let m(l) be the first derivative of -l**2 + 5*l - 11. Give m(6).
-7
Let m(n) = n**2 - 5*n + 5. Let b(h) = h**2 - 9*h + 9. Let s(x) = 3*b(x) - 5*m(x). Let p(l) = -3*l. Let r be p(-2). Suppose -4*t + t = r. Determine s(t).
-2
Let k(i) be the second derivative of 0 - 5/6*i**3 - 8*i + 2*i**2 + 1/4*i**4. Give k(3).
16
Let v(h) = -10 + 3 + h + 6. Give v(0).
-1
Let t(q) = -q**2 - 8*q + 9. Let a(o) = -2*o + 4. Let v be a(6). Give t(v).
9
Suppose x + 0*x = 2, -4*o + 4 = -4*x. Let h(u) be the second derivative of 0 - 1/6*u**3 - 1/2*u**2 + 2*u. Calculate h(o).
-4
Let o(m) = 24*m - m**2 - 24*m. Calculate o(3).
-9
Suppose 0 = 5*w - 0*k + 3*k - 56, 0 = w + 3*k - 16. Let t be 26/(-169) - 4/(-26). Suppose t = -w*l + 6*l + 20. Let c(o) = o**3 - 4*o**2 - 4*o - 3. What is c(l)?
2
Let r(n) = n**2 - 2. Let c(q) = 3*q**2 - 1. Let s(v) = 6*v**2 - 1. Let o(t) = -9*c(t) + 4*s(t). Let p(a) = -2*o(a) - 5*r(a). Give p(-1).
1
Let v(x) = -2*x**2 + x - 2. Let j be v(1). Let p(m) = m**2 + 4*m + 4. What is p(j)?
1
Let f(m) = 15*m**3 - 12*m**2 + 11*m - 15. Let j(y) = -7*y**3 + 6*y**2 - 5*y + 7. Let k(a) = -6*f(a) - 13*j(a). Give k(6).
-7
Let b = 1 + -2. Let w(a) be the third derivative of 5*a**4/24 + a**3/6 + 2*a**2. Calculate w(b).
-4
Let h(v) be the second derivative of -v**4/12 - 2*v**3/3 + 5*v**2/2 - 4*v. Let w = -6 - -1. What is h(w)?
0
Suppose 5*r - 6 = -1. Let k(z) be the second derivative of z**5/2 + z**3/3 - z**2/2 - 110*z. Determine k(r).
11
Let a(g) = g**2 + 2*g + 9. Let l(i) = 2*i**2 + 2*i + 10. Let t(d) = 3*a(d) - 2*l(d). Let x = 206 + -201. Calculate t(x).
-8
Let f(y) = 39 - 50 - 3*y + 2*y. Determine f(-9).
-2
Let d = -12 + 8. Let t(f) be the third derivative of -f**2 - 1/6*f**3 + 0 - 1/8*f**4 + 0*f. What is t(d)?
11
Let z(h) = -14*h**2 + h + 1. Let x = -16 - -15. Determine z(x).
-14
Suppose -15*n = 13 + 17. Let k(m) = 11*m + 2. What is k(n)?
-20
Let b(c) = -6*c**3 - c**2 + c. Let w = -4 + 4. Let k = 2 - w. Suppose -3*z - 4*n + 15 = 0, -2*z + 0*n = k*